ase 7) to base 13.
b37
144152 (base 6) to base 12
8058
Convert 2790 (base 12) to base 4.
1013130
156 (base 8) to base 16
6e
Convert 503 (base 15) to base 7.
3201
Convert -24913 (base 11) to base 12.
-187b9
-7869 (base 15) to base 7
-134262
Convert 310440 (base 6) to base 5.
1243132
Convert -311 (base 5) to base 13.
-63
-55640 (base 10) to base 14
-163c4
285b (base 15) to base 2
10000110111100
Convert -91 (base 15) to base 13.
-a6
What is -1543 (base 9) in base 8?
-2225
-ab (base 13) to base 10
-141
Convert -1321222 (base 5) to base 13.
-c058
-71c (base 13) to base 10
-1208
Convert 15953 (base 12) to base 9.
46140
What is 14775 (base 10) in base 6?
152223
Convert 311024 (base 5) to base 13.
47cc
Convert -1142 (base 16) to base 6.
-32242
732 (base 11) to base 3
1012200
30063 (base 7) to base 11
549a
-12210 (base 4) to base 12
-2b0
What is -6f3a (base 16) in base 5?
-1402344
1010111111111 (base 2) to base 9
7646
Convert 7567 (base 15) to base 14.
90ab
Convert -16 (base 16) to base 7.
-31
What is 12417 (base 10) in base 3?
122000220
Convert 13350 (base 6) to base 12.
1256
Convert -522 (base 13) to base 7.
-2355
Convert 7a27 (base 12) to base 5.
413232
1201222002 (base 3) to base 2
1000010110111110
Convert 41414 (base 6) to base 13.
26b3
What is 403223 (base 5) in base 8?
31212
What is -634 (base 7) in base 9?
-384
What is -148 (base 12) in base 10?
-200
-421 (base 8) to base 6
-1133
What is 13021 (base 4) in base 7?
1222
-3bc (base 14) to base 11
-626
What is 7035 (base 8) in base 11?
2795
274d (base 14) to base 3
100111122
Convert -1127 (base 11) to base 9.
-2025
Convert -1036 (base 10) to base 8.
-2014
What is 10011011110 (base 2) in base 4?
103132
-3608 (base 9) to base 3
-10200022
Convert -12072 (base 12) to base 7.
-130532
34a7 (base 14) to base 11
6980
-234 (base 12) to base 11
-279
What is -548 (base 10) in base 6?
-2312
What is 10306 (base 8) in base 5?
114134
Convert -51142 (base 6) to base 12.
-3ab2
-2641 (base 11) to base 2
-110101101001
240102 (base 5) to base 9
13032
370 (base 11) to base 13
27b
What is -16ba (base 16) in base 13?
-2857
609 (base 14) to base 15
540
-1001011100 (base 2) to base 3
-211101
Convert -5071 (base 8) to base 7.
-10426
Convert -63445 (base 8) to base 11.
-18925
What is -889 (base 12) in base 7?
-3444
What is 3123000 (base 4) in base 2?
11011011000000
What is 11112200 (base 3) in base 16?
cf0
What is -1314034 (base 5) in base 8?
-63040
Convert -1202 (base 5) to base 3.
-20120
-10223 (base 5) to base 3
-221111
-248 (base 13) to base 2
-110001110
What is -11135 (base 9) in base 13?
-34a6
What is -66134 (base 8) in base 16?
-6c5c
1101010110111 (base 2) to base 4
1222313
Convert 10000000 (base 3) to base 10.
2187
What is 63b8 (base 14) in base 2?
100001100111110
Convert 10a1 (base 15) to base 14.
13dc
Convert b0 (base 12) to base 2.
10000100
-b6 (base 12) to base 8
-212
What is 4311 (base 6) in base 12?
697
What is 3ac (base 14) in base 9?
1012
What is -1565 (base 13) in base 5?
-100000
Convert -15223 (base 7) to base 15.
-13c1
What is -277 (base 8) in base 15?
-cb
156354 (base 8) to base 14
1687a
Convert 10757 (base 11) to base 3.
210022221
What is -6a8 (base 12) in base 13?
-5b4
What is -7145 (base 13) in base 3?
-210101222
What is 13242 (base 6) in base 4?
133322
What is -11426 (base 9) in base 16?
-1dd6
Convert -122211 (base 3) to base 5.
-3411
What is 154 (base 15) in base 7?
613
-223 (base 7) to base 3
-11021
-1324014 (base 5) to base 11
-19117
5530 (base 7) to base 15
8c1
-10220121 (base 3) to base 6
-21111
Convert 110344 (base 5) to base 3.
12021120
What is -1494 (base 10) in base 13?
-8ac
-128 (base 10) to base 8
-200
What is -46 (base 14) in base 13?
-4a
What is 1ab5 (base 12) in base 13?
1673
What is -2122200 (base 3) in base 11?
-14aa
What is -2b3 (base 15) in base 9?
-756
1656 (base 7) to base 3
221010
303 (base 4) to base 13
3c
What is -1ec (base 15) in base 16?
-1bf
2031 (base 8) to base 3
1102212
5613 (base 8) to base 15
d20
Convert -13705 (base 8) to base 16.
-17c5
What is 4412313 (base 5) in base 6?
1343354
What is 2157 (base 9) in base 5?
22331
36b (base 12) to base 13
308
Convert 3240 (base 5) to base 6.
2021
-12343 (base 5) to base 6
-4301
123c (base 16) to base 2
1001000111100
Convert -56847 (base 10) to base 5.
-3304342
-11123 (base 9) to base 11
-5610
1101000110011 (base 2) to base 11
5048
-1110100 (base 3) to base 2
-10000100110
Convert -1100101000100001 (base 2) to base 3.
-2121222111
264 (base 14) to base 11
3a7
What is 141 (base 9) in base 15?
7d
226515 (base 7) to base 5
2300411
Convert 8c1 (base 13) to base 7.
4254
What is 102211 (base 3) in base 2?
100111111
What is db2 (base 14) in base 3?
10201011
1079 (base 14) to base 3
10220121
Convert -151a (base 12) to base 7.
-10126
Convert 1001111110110000 (base 2) to base 11.
28794
84 (base 14) to base 11
a6
What is 4403430 (base 5) in base 13?
2848c
-9e9 (base 16) to base 7
-10253
Convert -10572 (base 9) to base 7.
-26333
Convert 42524 (base 6) to base 12.
3444
Convert 29594 (base 11) to base 3.
2010120102
What is 537 (base 14) in base 3?
1102010
Convert -1445 (base 7) to base 5.
-4242
-30443 (base 6) to base 4
-333123
What is 930 (base 11) in base 14?
5a2
Convert 1791 (base 15) to base 13.
2413
What is -1035 (base 7) in base 12?
-269
What is 303 (base 6) in base 12?
93
Convert 34547 (base 8) to base 13.
68c5
Convert -1103 (base 14) to base 13.
-1455
-105640 (base 7) to base 9
-27757
What is d0 (base 14) in base 10?
182
314100 (base 5) to base 7
42454
Convert -100111100100101 (base 2) to base 14.
-7553
Convert -2910 (base 11) to base 15.
-11ac
4845 (base 12) to base 11
610a
Convert 668 (base 9) to base 11.
459
What is -122001020 (base 3) in base 11?
-9377
Convert 3755 (base 8) to base 6.
13221
Convert 142513 (base 6) to base 5.
413311
What is 9912 (base 11) in base 8?
31431
What is 1010011111100101 (base 2) in base 15?
cb06
Convert 221132 (base 6) to base 9.
27232
Convert -1937 (base 13) to base 16.
-eb4
Convert -51d (base 16) to base 6.
-10021
What is -1232101 (base 4) in base 16?
-1b91
100011 (base 3) to base 4
3313
445 (base 9) to base 3
111112
-1133 (base 7) to base 6
-1532
What is -b4b0 (base 12) in base 5?
-1112331
What is 10055 (base 7) in base 12?
14b5
532f (base 16) to base 9
32181
What is 195 (base 13) in base 11?
245
Convert -1110110001110111 (base 2) to base 15.
-12e0a
-64615 (base 7) to base 14
-5c0c
1611 (base 9) to base 5
14400
Convert 21223 (base 4) to base 14.
323
Convert 100201022 (base 3) to base 7.
26435
Convert -1266 (base 11) to base 5.
-23040
Convert -20120 (base 5) to base 15.
-5aa
58708 (base 10) to base 7
333106
Convert -a066 (base 13) to base 6.
-250034
126 (base 16) to base 4
10212
-1000011101110 (base 2) to base 8
-10356
-1101011001010 (base 2) to base 14
-26dc
-81a4 (base 11) to base 13
-4c52
What is -2134300 (base 5) in base 14?
-d5c5
1719 (base 12) to base 4
223011
25434 (base 9) to base 10
17122
Convert -466 (base 8) to base 10.
-310
-66052 (base 7) to base 14
-6029
1020223 (base 4) to base 15
15a1
What is -15376 (base 8) in base 2?
-1101011111110
What is 10121100 (base 3) in base 11?
1a7a
Convert 1211022212 (base 3) to base 2.
1000110001111000
What is 224121 (base 5) in base 13?
3872
Convert 241612 (base 7) to base 6.
535024
2473 (base 9) to base 5
24343
-70 (base 12) to base 13
-66
Convert -7084 (base 12) to base 11.
-9188
-aa6 (base 14) to base 3
-2220000
Convert a4c1 (base 14) to base 10.
28393
Convert 12344 (base 7) to base 6.
23042
Convert 110202 (base 4) to base 11.
a95
Convert -2120 (base 5) to base 6.
-1153
What is 1002203 (base 4) in base 2?
1000010100011
22d (base 14) to base 9
531
What is -47a (base 11) in base 8?
-1073
Convert -297 (base 11) to base 13.
-20a
-3232 (base 7) to base 5
-14100
Convert 102210211 (base 3) to base 14.
31cc
What is -175 (base 12) in base 6?
-1025
Convert 13001 (base 5) to base 13.
5c0
6988 (base 10) to base 4
1231030
What is -90 (base 12) in base 3?
-11000
What is 56015 (base 8) in base 12?
11779
Convert -22321201 (base 4) to base 11.
-305a3
What is -20213 (base 6) in base 10?
-2673
Convert -453244 (base 6) to base 9.
-57521
-8d1 (base 14) to base 16
-6d7
Convert 231430 (base 6) to base 4.
10311222
Convert -5b2 (base 16) to base 15.
-673
32322210 (base 4) to base 1